{"id":42,"date":"2025-05-05T16:09:09","date_gmt":"2025-05-05T14:09:09","guid":{"rendered":"https:\/\/bessboelsbjerg.dk\/?page_id=42"},"modified":"2025-05-25T18:44:07","modified_gmt":"2025-05-25T16:44:07","slug":"film","status":"publish","type":"page","link":"https:\/\/bessboelsbjerg.dk\/index.php\/film\/","title":{"rendered":"Film"},"content":{"rendered":"<!--themify_builder_content-->\n<div id=\"themify_builder_content-42\" data-postid=\"42\" class=\"themify_builder_content themify_builder_content-42 themify_builder tf_clear\">\n                    <div  data-lazy=\"1\" class=\"module_row themify_builder_row tb_grrg706 tb_first tf_w\">\n                        <div class=\"row_inner col_align_top tb_col_count_1 tf_box tf_rel\">\n                        <div  data-lazy=\"1\" class=\"module_column tb-column col-full tb_ipto530 first\">\n                    <!-- module video -->\n<div  class=\"module module-video tb_pvh0414 video-top  \" data-lazy=\"1\">\n                    <div class=\"video-wrap-outer\">\n            <div class=\"video-wrap tf_rel tf_overflow\">\n                                    <noscript><iframe data-no-script src=\"https:\/\/www.youtube.com\/embed\/v2RK4U0nbTg?pip=1&#038;playsinline=1\" allow=\"accelerometer;encrypted-media;gyroscope;picture-in-picture;fullscreen\" class=\"tf_abs tf_w tf_h\"><\/iframe><\/noscript>\n                                <\/div>\n            <!-- \/video-wrap -->\n        <\/div>\n        <!-- \/video-wrap-outer -->\n            <\/div>\n        <\/div>\n                        <\/div>\n        <\/div>\n                        <div  data-lazy=\"1\" class=\"module_row themify_builder_row tb_ai9j952 tf_w\">\n                        <div class=\"row_inner col_align_top tb_col_count_1 tf_box tf_rel\">\n                        <div  data-lazy=\"1\" class=\"module_column tb-column col-full tb_c89s952 first\">\n                            <div  data-lazy=\"1\" class=\"module_subrow themify_builder_sub_row tf_w col_align_top tb_col_count_1 tb_j459720\">\n                <div  data-lazy=\"1\" class=\"module_column sub_column col-full tb_vj1c720 first\">\n                    <!-- module box -->\n<div  class=\"module module-box tb_tcly65 \" data-lazy=\"1\">\n    <div class=\"module-box-content ui  tb_default_color\">\n                <div class=\"tb_text_wrap\"><p>Filmen fungerede som et mindre forskningslignende projekt, hvor jeg i samarbejde med Morten Bo Larsen unders\u00f8gte, hvordan deltagelse i strygerkurset <em data-start=\"273\" data-end=\"281\">T\u00f2nlek<\/em> p\u00e5virker udviklingen af venskaber og selvv\u00e6rd blandt deltagerne. Unders\u00f8gelsen tog s\u00e6rligt afs\u00e6t i en neurodiversitetsforst\u00e5else og fokuserede p\u00e5, hvordan neurodivergente b\u00f8rn og unge profiterer af den forudsigelige struktur og tydelige \u00e6stetiske ramme, som klassisk musikundervisning ofte tilbyder p\u00e5 b\u00e5de det sociale, kognitive og emotionelle niveau. Kurset <em data-start=\"642\" data-end=\"650\">Tonl\u00e9k<\/em> udg\u00f8r et s\u00e6rligt l\u00e6ringsmilj\u00f8, hvor musikalsk praksis og f\u00e6llesskab integreres, og hvor den systematiske opbygning i klassisk musik ser ud til at skabe en tryg og overskuelig kontekst for deltagelse. Det sociale aspekt omkring det musikalske samarbejde viste sig at v\u00e6re centralt for opbygningen af tillid, relationer og et styrket selvbillede hos deltagerne.<\/p><\/div>\n    <\/div>\n<\/div>\n<!-- \/module box -->\n        <\/div>\n                    <\/div>\n                <\/div>\n                        <\/div>\n        <\/div>\n        <\/div>\n<!--\/themify_builder_content-->","protected":false},"excerpt":{"rendered":"<p>Filmen fungerede som et mindre forskningslignende projekt, hvor jeg i samarbejde med Morten Bo Larsen unders\u00f8gte, hvordan deltagelse i strygerkurset T\u00f2nlek p\u00e5virker udviklingen af venskaber og selvv\u00e6rd blandt deltagerne. Unders\u00f8gelsen tog s\u00e6rligt afs\u00e6t i en neurodiversitetsforst\u00e5else og fokuserede p\u00e5, hvordan neurodivergente b\u00f8rn og unge profiterer af den forudsigelige struktur og tydelige \u00e6stetiske ramme, som klassisk [&hellip;]<\/p>\n","protected":false},"author":1,"featured_media":0,"parent":0,"menu_order":0,"comment_status":"closed","ping_status":"closed","template":"","meta":{"footnotes":""},"class_list":["post-42","page","type-page","status-publish","hentry","has-post-title","has-post-date","has-post-category","has-post-tag","has-post-comment","has-post-author",""],"_links":{"self":[{"href":"https:\/\/bessboelsbjerg.dk\/index.php\/wp-json\/wp\/v2\/pages\/42","targetHints":{"allow":["GET"]}}],"collection":[{"href":"https:\/\/bessboelsbjerg.dk\/index.php\/wp-json\/wp\/v2\/pages"}],"about":[{"href":"https:\/\/bessboelsbjerg.dk\/index.php\/wp-json\/wp\/v2\/types\/page"}],"author":[{"embeddable":true,"href":"https:\/\/bessboelsbjerg.dk\/index.php\/wp-json\/wp\/v2\/users\/1"}],"replies":[{"embeddable":true,"href":"https:\/\/bessboelsbjerg.dk\/index.php\/wp-json\/wp\/v2\/comments?post=42"}],"version-history":[{"count":29,"href":"https:\/\/bessboelsbjerg.dk\/index.php\/wp-json\/wp\/v2\/pages\/42\/revisions"}],"predecessor-version":[{"id":81,"href":"https:\/\/bessboelsbjerg.dk\/index.php\/wp-json\/wp\/v2\/pages\/42\/revisions\/81"}],"wp:attachment":[{"href":"https:\/\/bessboelsbjerg.dk\/index.php\/wp-json\/wp\/v2\/media?parent=42"}],"curies":[{"name":"wp","href":"https:\/\/api.w.org\/{rel}","templated":true}]}}